{"id":4039,"date":"2016-09-22T16:41:48","date_gmt":"2016-09-22T16:41:48","guid":{"rendered":"http:\/\/stuvstagard.se\/?page_id=4039"},"modified":"2017-10-22T17:31:34","modified_gmt":"2017-10-22T17:31:34","slug":"stuvsta-centrum","status":"publish","type":"page","link":"https:\/\/www.stuvstasnattringe.se\/index.php\/stuvsta-centrum\/","title":{"rendered":"Stuvsta centrum"},"content":{"rendered":"<p>Villa\u00e4garna i Stuvsta\/Sn\u00e4ttringe anser att Stuvsta Centrum m\u00e5ste f\u00f6rnyas. Vi har d\u00e4rf\u00f6r utarbetat ett f\u00f6rslag till \u00f6verbyggnad av j\u00e4rnv\u00e4gen med ett multifunktionshus enligt bilderna nedan:<br \/>\n<img loading=\"lazy\" decoding=\"async\" class=\"alignnone wp-image-3422 size-featured_large\" src=\"http:\/\/stuvstagard.se\/wp-content\/uploads\/2015\/01\/Stuvsta-Centrums-framtid-1-975x630.jpg\" alt=\"Stuvsta Centrums framtid 1\" width=\"975\" height=\"630\" \/><\/p>\n","protected":false},"excerpt":{"rendered":"<p>Villa\u00e4garna i Stuvsta\/Sn\u00e4ttringe anser att Stuvsta Centrum m\u00e5ste f\u00f6rnyas. Vi har d\u00e4rf\u00f6r utarbetat ett f\u00f6rslag till \u00f6verbyggnad av j\u00e4rnv\u00e4gen med ett multifunktionshus enligt bilderna nedan:<\/p>\n","protected":false},"author":1,"featured_media":0,"parent":0,"menu_order":0,"comment_status":"closed","ping_status":"closed","template":"","meta":{"footnotes":""},"class_list":["post-4039","page","type-page","status-publish","hentry"],"aioseo_notices":[],"_links":{"self":[{"href":"https:\/\/www.stuvstasnattringe.se\/index.php\/wp-json\/wp\/v2\/pages\/4039","targetHints":{"allow":["GET"]}}],"collection":[{"href":"https:\/\/www.stuvstasnattringe.se\/index.php\/wp-json\/wp\/v2\/pages"}],"about":[{"href":"https:\/\/www.stuvstasnattringe.se\/index.php\/wp-json\/wp\/v2\/types\/page"}],"author":[{"embeddable":true,"href":"https:\/\/www.stuvstasnattringe.se\/index.php\/wp-json\/wp\/v2\/users\/1"}],"replies":[{"embeddable":true,"href":"https:\/\/www.stuvstasnattringe.se\/index.php\/wp-json\/wp\/v2\/comments?post=4039"}],"version-history":[{"count":4,"href":"https:\/\/www.stuvstasnattringe.se\/index.php\/wp-json\/wp\/v2\/pages\/4039\/revisions"}],"predecessor-version":[{"id":4402,"href":"https:\/\/www.stuvstasnattringe.se\/index.php\/wp-json\/wp\/v2\/pages\/4039\/revisions\/4402"}],"wp:attachment":[{"href":"https:\/\/www.stuvstasnattringe.se\/index.php\/wp-json\/wp\/v2\/media?parent=4039"}],"curies":[{"name":"wp","href":"https:\/\/api.w.org\/{rel}","templated":true}]}}