{"id":4450,"date":"2017-12-14T07:56:37","date_gmt":"2017-12-14T07:56:37","guid":{"rendered":"https:\/\/www.stuvstasnattringe.se\/?page_id=4450"},"modified":"2018-01-19T08:10:07","modified_gmt":"2018-01-19T08:10:07","slug":"yrkesvagen-21cmontoren-9","status":"publish","type":"page","link":"https:\/\/www.stuvstasnattringe.se\/index.php\/yrkesvagen-21cmontoren-9\/","title":{"rendered":"Yrkesv\u00e4gen 21C(Mont\u00f6ren 9)"},"content":{"rendered":"<p>I april 2017 fick fastighets\u00e4garen bygglov av kommunen f\u00f6r om- och tillbyggnad och d\u00e4rmed en f\u00f6r\u00e4ndring fr\u00e5n 5 till 15 l\u00e4genheter och nya p-platser. Sak\u00e4gare har \u00f6verklagat i november och december 2017 samt gjort en namninsamling.<\/p>\n<p>F\u00f6reningen st\u00f6der dessa aktiviteter.<\/p>\n<p>&nbsp;<\/p>\n<p>&nbsp;<\/p>\n<div><span style=\"font-size: medium;\">F\u00f6reningen st\u00f6der dessa aktiviteter och har l\u00e4mnat eget \u00f6verklagande.<\/span><\/div>\n<div><span style=\"font-size: medium;\">Se Villa\u00e4garna i Stuvsta\/Sn\u00e4ttringes \u00f6verklagande h\u00e4r (2018): <a href=\"https:\/\/www.stuvstasnattringe.se\/Montoren_9-1.pdf\">klicka h\u00e4r!<\/a>\u00a0\u00a0<a href=\"https:\/\/www.stuvstasnattringe.se\/Montoren_9-1.pdf\"><img loading=\"lazy\" decoding=\"async\" class=\"alignnone size-full wp-image-4121\" src=\"https:\/\/www.stuvstasnattringe.se\/wp-content\/uploads\/2016\/09\/stuvsta_pdf_knapp.png\" alt=\"\" width=\"100\" height=\"59\" \/><\/a><\/span><\/div>\n","protected":false},"excerpt":{"rendered":"<p>I april 2017 fick fastighets\u00e4garen bygglov av kommunen f\u00f6r om- och tillbyggnad och d\u00e4rmed en f\u00f6r\u00e4ndring fr\u00e5n 5 till 15 l\u00e4genheter och nya p-platser. Sak\u00e4gare har \u00f6verklagat i november och december 2017 samt gjort en namninsamling. F\u00f6reningen st\u00f6der dessa aktiviteter. &nbsp; &nbsp; F\u00f6reningen st\u00f6der dessa aktiviteter och har l\u00e4mnat eget \u00f6verklagande. Se Villa\u00e4garna i Stuvsta\/Sn\u00e4ttringes [&hellip;]<\/p>\n","protected":false},"author":1,"featured_media":0,"parent":0,"menu_order":0,"comment_status":"closed","ping_status":"closed","template":"","meta":{"footnotes":""},"class_list":["post-4450","page","type-page","status-publish","hentry"],"aioseo_notices":[],"_links":{"self":[{"href":"https:\/\/www.stuvstasnattringe.se\/index.php\/wp-json\/wp\/v2\/pages\/4450","targetHints":{"allow":["GET"]}}],"collection":[{"href":"https:\/\/www.stuvstasnattringe.se\/index.php\/wp-json\/wp\/v2\/pages"}],"about":[{"href":"https:\/\/www.stuvstasnattringe.se\/index.php\/wp-json\/wp\/v2\/types\/page"}],"author":[{"embeddable":true,"href":"https:\/\/www.stuvstasnattringe.se\/index.php\/wp-json\/wp\/v2\/users\/1"}],"replies":[{"embeddable":true,"href":"https:\/\/www.stuvstasnattringe.se\/index.php\/wp-json\/wp\/v2\/comments?post=4450"}],"version-history":[{"count":5,"href":"https:\/\/www.stuvstasnattringe.se\/index.php\/wp-json\/wp\/v2\/pages\/4450\/revisions"}],"predecessor-version":[{"id":4469,"href":"https:\/\/www.stuvstasnattringe.se\/index.php\/wp-json\/wp\/v2\/pages\/4450\/revisions\/4469"}],"wp:attachment":[{"href":"https:\/\/www.stuvstasnattringe.se\/index.php\/wp-json\/wp\/v2\/media?parent=4450"}],"curies":[{"name":"wp","href":"https:\/\/api.w.org\/{rel}","templated":true}]}}