{"id":5237,"date":"2022-02-15T11:57:14","date_gmt":"2022-02-15T11:57:14","guid":{"rendered":"https:\/\/www.stuvstasnattringe.se\/?page_id=5237"},"modified":"2022-02-15T12:00:47","modified_gmt":"2022-02-15T12:00:47","slug":"vill-vara-med","status":"publish","type":"page","link":"https:\/\/www.stuvstasnattringe.se\/index.php\/vill-vara-med\/","title":{"rendered":"Vill vara med"},"content":{"rendered":"<div class=\"flex_column av_one_full  flex_column_div av-zero-column-padding first  avia-builder-el-0  el_before_av_hr  avia-builder-el-first  \" style='border-radius:0px; '><div  class='avia-image-container  av-styling-    avia-builder-el-1  avia-builder-el-no-sibling  avia-align-center '  itemprop=\"image\" itemscope=\"itemscope\" itemtype=\"https:\/\/schema.org\/ImageObject\"  ><div class='avia-image-container-inner'><div class='avia-image-overlay-wrap'><img class='avia_image' src='https:\/\/www.stuvstasnattringe.se\/wp-content\/uploads\/2019\/06\/ssvilla-300x148.png' alt='' title='ssvilla' height=\"148\" width=\"300\"  itemprop=\"thumbnailUrl\"  \/><\/div><\/div><\/div><\/div><div   class='hr hr-default   avia-builder-el-2  el_after_av_one_full  el_before_av_textblock '><span class='hr-inner ' ><span class='hr-inner-style'><\/span><\/span><\/div><\/p>\n<section class=\"av_textblock_section \"  itemscope=\"itemscope\" itemtype=\"https:\/\/schema.org\/CreativeWork\" ><div class='avia_textblock  '   itemprop=\"text\" ><h4><\/h4>\n<h4>Nya styrelsemedlemmar s\u00f6kes till Stuvsta\/sn\u00e4ttringe Villa\u00e4garf\u00f6rening<\/h4>\n<p>Vi beh\u00f6ver nya medlemmar i styrelsen som kommer med inspiration, nya tankar och id\u00e9er som driver v\u00e5r f\u00f6rening fram\u00e5t i arbetet med att g\u00f6ra hus\u00e4gandet och dess omgivning b\u00e4ttre p\u00e5 alla s\u00e4tt f\u00f6r oss alla.<\/p>\n<p>Har du sj\u00e4lv eller en granne synpunkter \u00f6ver n\u00e5got som sker i kommunen som r\u00f6r<br \/>\noss villa\u00e4gare eller v\u00e5r omgivning, som t.ex kommunens f\u00f6rs\u00f6k till parkeringsavgifter som vi lyckades stoppa<\/p>\n<p>H\u00f6r av dig till oss om du vill veta mer om styrelsearbetet.<\/p>\n<p>\u00c4r du intresserad av att bli \u201den i g\u00e4nget\u201d mejla info@stuvstasnattringe.se<\/p>\n<\/div><\/section>\n","protected":false},"excerpt":{"rendered":"","protected":false},"author":1,"featured_media":0,"parent":0,"menu_order":0,"comment_status":"closed","ping_status":"closed","template":"","meta":{"footnotes":""},"class_list":["post-5237","page","type-page","status-publish","hentry"],"aioseo_notices":[],"_links":{"self":[{"href":"https:\/\/www.stuvstasnattringe.se\/index.php\/wp-json\/wp\/v2\/pages\/5237","targetHints":{"allow":["GET"]}}],"collection":[{"href":"https:\/\/www.stuvstasnattringe.se\/index.php\/wp-json\/wp\/v2\/pages"}],"about":[{"href":"https:\/\/www.stuvstasnattringe.se\/index.php\/wp-json\/wp\/v2\/types\/page"}],"author":[{"embeddable":true,"href":"https:\/\/www.stuvstasnattringe.se\/index.php\/wp-json\/wp\/v2\/users\/1"}],"replies":[{"embeddable":true,"href":"https:\/\/www.stuvstasnattringe.se\/index.php\/wp-json\/wp\/v2\/comments?post=5237"}],"version-history":[{"count":3,"href":"https:\/\/www.stuvstasnattringe.se\/index.php\/wp-json\/wp\/v2\/pages\/5237\/revisions"}],"predecessor-version":[{"id":5242,"href":"https:\/\/www.stuvstasnattringe.se\/index.php\/wp-json\/wp\/v2\/pages\/5237\/revisions\/5242"}],"wp:attachment":[{"href":"https:\/\/www.stuvstasnattringe.se\/index.php\/wp-json\/wp\/v2\/media?parent=5237"}],"curies":[{"name":"wp","href":"https:\/\/api.w.org\/{rel}","templated":true}]}}